ainder when r is divided by (l/(-10))/(3/(-135))?
17
What is the remainder when 23 is divided by 54/(-10)*(-10)/6?
5
Suppose 8*n = 5*n + 4*x + 196, -2*n + 5*x + 119 = 0. Suppose 19 - 79 = -4*o. Calculate the remainder when n is divided by o.
12
Suppose -6*w + 8 + 28 = 0. Let u(z) = 5*z - 9. Calculate the remainder when u(w) is divided by 11.
10
What is the remainder when 14/(224/372)*8 is divided by 19?
15
Let m(h) = -469*h**3 + 5*h**2 - h - 1. Calculate the remainder when m(-1) is divided by 48.
42
Let z(q) = 387*q**2 - 3*q - 2. Calculate the remainder when z(-1) is divided by 65.
63
Let x be (-14)/(-4)*8/4. Let k(w) = -w**3 + 4*w**2 + 2*w**2 + 7*w + x - w**2. What is the remainder when k(6) is divided by 7?
6
Calculate the remainder when (3 - (3 + 2998))*(-12)/24 is divided by 50.
49
Suppose -7*m - 2*s + 48 = -5*m, 138 = 5*m - s. Let p = -90 + 159. What is the remainder when p is divided by m?
15
Let d = 38 + -15. Let r(l) = -2*l**2 + 38*l - 3. Let n be r(16). Let k = n - 84. Calculate the remainder when d is divided by k.
5
Suppose -r + 2*r + 275 = 4*p, -2*p = 3*r - 141. Calculate the remainder when p is divided by 18.
15
Let q(o) = -116*o - 60. What is the remainder when 1005 is divided by q(-1)?
53
Suppose 73*a = -0*a + 6570. Calculate the remainder when a is divided by 31.
28
Suppose x - 41 = -k, 17*k - 15*k = -10. Calculate the remainder when 52 is divided by x.
6
Let x(v) = -2*v**2 - 30*v - 16. Calculate the remainder when x(-13) is divided by 13.
10
Suppose 495 = 10*f - 285. Suppose 3*n + 9 - 69 = 0. What is the remainder when f is divided by n?
18
Let i = -55 - -5. What is the remainder when -27*(-4 + i/(-15)) is divided by 12?
6
Let h(i) = 2*i**2 + 5*i + 3. Suppose u - 27 = -2*u. Calculate the remainder when 2/u + 302/18 is divided by h(-3).
5
Let f = -26 - -46. Suppose 2*d + 10 = -3*d + 4*w, 4*w - f = 0. Suppose 2*a = -2*a + o + 29, -d*a - 13 = 5*o. Calculate the remainder when 17 is divided by a.
5
Suppose 5*a + 2*o = 506, -5*o - 61 = -3*a + 255. What is the remainder when a is divided by 55?
47
Suppose -2 = 5*s + 4*p - 12, s - 4*p - 2 = 0. Suppose 104 = s*n + d, -118 = -4*n + 4*d + 102. What is the remainder when n is divided by 11?
9
Let h be -4 + 1 + -1 - (-2 + -1). Let p(t) = -55*t + 10. What is the remainder when p(h) is divided by 23?
19
Let r(b) = 2*b + 19. Let n(c) = c + 3. Let t be n(0). Suppose 4*l - 14 = -5*u, 0 = t*l - 2*u + 4*u - 14. Calculate the remainder when r(-4) is divided by l.
5
Suppose -4*j - 75 = -j. Let v = j + 37. Calculate the remainder when 22 is divided by v.
10
Suppose x - 18 = 3. Let f = 29 + -25. Suppose -4 = -k + f. What is the remainder when x is divided by k?
5
Let k(m) = -m**3 + 8*m**2 - 9*m + 9. Let b be k(7). Suppose -13*c + 1184 = 24*c. What is the remainder when c is divided by (-1)/((15/36)/b)?
8
Let b be (13 - 13)/(4/2). Suppose 5*o - 129 - 66 = b. What is the remainder when 75 is divided by o?
36
Let t(w) = 5*w - 1 + 7*w + 2. Let l(o) = o**3 - 16*o**2 + 2*o - 7. Calculate the remainder when l(16) is divided by t(1).
12
Let b(t) = -t + 4. Let j be 0/(-3 + -2 + 3). Let q(g) = g**2 - 4*g + 7. What is the remainder when q(4) is divided by b(j)?
3
Let a = -120 + 166. Calculate the remainder when 550 is divided by a.
44
Suppose 0 = 2*r - 47 + 3. Calculate the remainder when 65 is divided by r.
21
Let w(d) = 3*d - 15. Let j be w(6). Calculate the remainder when j*(-14)/189 + (-2506)/(-18) is divided by 35.
34
Let o = 33 - 34. Let v be 0 + o + (-30)/(-6). Calculate the remainder when 26 is divided by (v/(-8))/(3/(-42)).
5
Let q(m) = -293*m + 2. Calculate the remainder when q(-5) is divided by 15.
12
Let c be (-7 - -4)/((-3)/9). Let d = c + -6. Suppose i - 3 = -0*i. Calculate the remainder when d is divided by i.
0
Let f(l) = 6*l**3 - 8*l**2 - 15*l + 29. What is the remainder when 139 is divided by f(3)?
65
What is the remainder when ((-8)/(-7) + (-6025)/(-700))/((-6)/(-8)) is divided by (-2)/(-3) + (-25)/(-3)?
4
Suppose 3*y = -4 + 79. Let c = y - 3. Suppose -4*g = -6*g + c. What is the remainder when 43 is divided by g?
10
Let i = -554 - -577. What is the remainder when 366 is divided by i?
21
Let o = -7 + 12. Calculate the remainder when o is divided by (-4 - (-70)/15) + 16/12.
1
Let z(f) = 3*f**2 + 14*f + 2. Let m be z(-6). Let q = 43 - m. Calculate the remainder when 63 is divided by q.
12
Let q(j) = -8*j**3 + 3*j - 5. Let g be q(2). Let k = 130 + g. What is the remainder when k is divided by 17?
16
What is the remainder when 18/1*(-88)/(-12) - 5 is divided by 46?
35
Suppose -5*f + 2*v = -3*v - 50, 4*v = -12. Let x(m) = -m**2 + 16*m - 65. Let h be x(9). Calculate the remainder when (h/(-3))/((-4)/(-192)) is divided by f.
4
Let a(m) = -m**2 - 11*m - 5. Let y be a(-10). Suppose -o + y = 4*o. What is the remainder when ((-2)/6)/((-1)/3) is divided by o?
0
Suppose 4*a + 103 = 263. What is the remainder when 99 is divided by a?
19
Let z(x) = 31*x - 31. Let y(m) = 6*m - 6. Let d(g) = 11*y(g) - 2*z(g). Suppose 3*u - 2*u = 21. What is the remainder when d(16) is divided by u?
18
What is the remainder when (-1)/(2/72*-2) is divided by 6/(-14) - (18/(-42) + -5)?
3
Let j be ((-3)/6)/(2/(-56)). Suppose 2*f - j - 8 = 0. Let z = -14866 + 14886. Calculate the remainder when z is divided by f.
9
Suppose -3*g - 5*h + 58 = -4*h, -12 = -3*h. Let t be 1/(-2) - g/(-4). Let d(y) = y**2 + 4*y - 3. Calculate the remainder when d(t) is divided by 15.
14
Let a(g) = -12*g. Let k be 4/(-14) - 23/(-7). Suppose -4*o + 65 = -b + 2*b, k*o = 2*b - 75. What is the remainder when b is divided by a(-1)?
9
Suppose 2*m + 59 = c + 5*m, -4*c = -2*m - 250. Calculate the remainder when c is divided by 14.
6
Let o be 5*((-5)/25 - -1). Suppose i + 95 = 5*y + 6*i, o*y - 3*i = 48. Let c(m) = -11*m - 8. What is the remainder when c(-6) is divided by y?
13
Suppose 0 = -3*q - 2*v + 14 + 54, 0 = 5*q - 4*v - 84. Suppose 15*d = q*d - 205. What is the remainder when d is divided by 23?
18
Let m = -2059 + 2408. Calculate the remainder when m is divided by 117.
115
Let x = -4 + 26. What is the remainder when x is divided by 35/140 + (0 - (-35)/4)?
4
Let c(z) be the first derivative of -z**2/2 - 2*z - 11. Let j be c(-1). Let o(u) = 15*u**2. What is the remainder when 42 is divided by o(j)?
12
Suppose u + 38 = 2*u - 4*i, -4*i - 88 = -2*u. Let f(d) = 2*d**2 + 19*d + 33. Calculate the remainder when f(-15) is divided by u.
48
Suppose 2*a = a. Suppose a = -m - 2*m + 39. Suppose 0*h - 100 = -2*h. What is the remainder when h is divided by m?
11
Suppose 4*y - 4*a - 44 = 0, 2*y + 2*a = -2*y + 44. Let z(v) = 3*v - 4. Calculate the remainder when z(y) is divided by 8.
5
Let z = -26 - -33. Suppose 24 = z*i - 130. Calculate the remainder when i is divided by 8.
6
Let y = 29 - 57. Let x = -21 - -8. Let t = x - y. Calculate the remainder when 44 is divided by t.
14
Suppose 4*x + 3*r = -r + 368, -2*x + 209 = -3*r. Let l = -17 + 42. What is the remainder when x is divided by l?
22
Suppose 4*f + 5*d = 253, 0*f = 2*f - 3*d - 99. Calculate the remainder when f is divided by 22.
13
Suppose 0 = 5*z + 2*u - 0*u - 13, -5*u = z - 21. Let m = 49 + z. What is the remainder when m is divided by 13?
11
Let d(s) = s**2 - 17*s - 39. Let c(g) = 1. Let k(l) = 4*c(l) - d(l). What is the remainder when 23 is divided by k(19)?
3
Suppose -5*k = -0*k - 195. Suppose -5*o = -2*v - 60, 2*o + 2 = -2*v + 12. What is the remainder when k is divided by o?
9
Let s(g) = 37*g - 2. Suppose 0 = -3*o + 2*i + 209, 0 = -3*o - 5*i + 175 + 6. Calculate the remainder when o is divided by s(1).
32
Suppose m + 5 = 6. Let i be 3/3*(-1 - -4). Suppose c - 8 = -i*c. Calculate the remainder when c is divided by m.
0
Let h = 56 + -27. Suppose 1080 = 175*q - 67*q. Calculate the remainder when h is divided by q.
9
Let b be -255 + (-1 - 1) + 2. What is the remainder when b/(-12) - 25/20 is divided by 11?
9
Suppose 0 = 2*h - 4*h - 2. Let r be (h/2)/((-3)/192). Suppose -5*f + 23 + r = 0. What is the remainder when 31 is divided by f?
9
Let b(t) = t**3 + 5*t**2 - t - 8. Calculate the remainder when 143 is divided by b(2).
17
Let t(m) = m**3 - 16*m**2 + 2*m - 30. Let y be t(16). Suppose -71 = -y*l + 4*z + 5, 0 = 5*l - 5*z - 210. What is the remainder when l is divided by 16?
14
Suppose -4*n + 966 = -2*t, t + 105